13*n - 754 = -c*n. List the prime factors of n.
2, 29
Suppose 3*f - 3*t - 2073 = 26556, 0 = 3*t - 18. List the prime factors of f.
3, 1061
Suppose 6*x + 12*x = 206124 + 384240. List the prime factors of x.
2, 23, 31
Let j(s) be the third derivative of -149*s**4/24 + 173*s**3/6 - 2*s**2. What are the prime factors of j(-4)?
769
Let t(j) = j**2 + j + 1. Let o(c) = c**3 + 14*c**2 + 10*c + 15. Let g(x) = o(x) + 4*t(x). Let d(k) = -k**2 - 1. Let v be d(4). List the prime factors of g(v).
2, 5, 7
Let i(z) = -19*z - 22. Suppose -170 = -27*f + 25*f. Let q = 81 - f. What are the prime factors of i(q)?
2, 3
List the prime factors of (-1 - 7)*(-144270)/240.
3, 7, 229
Let b = -17694 + 30457. What are the prime factors of b?
12763
Suppose -2*l = x - 1998, -4*x + 15*l + 7980 = 11*l. What are the prime factors of x?
2, 499
Suppose 0 = t + 1, -2*t = 3*j - 4*j + 32. Let a be j*(-20)/(-75)*12. Suppose 4*k - 388 = 4*v, 3*v + 101 = 2*k - a. What are the prime factors of k?
2, 47
Let m(p) = -2923*p + 126. List the prime factors of m(-5).
14741
Let o = 35356 - -3109. What are the prime factors of o?
5, 7, 157
Let w = -203 + 254. List the prime factors of 3 - (22962/(-102) + 6/w).
2, 3, 19
Suppose c = y + 20475, 4*y + 102380 = 237*c - 232*c. List the prime factors of c.
2, 5
Let y = 8496 - -5966. Suppose -8*x - 4118 + y = 0. List the prime factors of x.
3, 431
Let u(o) = 63*o + 119*o + 93*o + 28 - 66*o. Let n be u(3). Suppose 0 = 4*p - n + 47. What are the prime factors of p?
2, 19
Suppose 1986692 = -14*x + 89*x - 2348383. What are the prime factors of x?
3, 19267
Suppose -p - 89584 = -5*p - 3*t, 0 = 4*p - 4*t - 89612. List the prime factors of p.
13, 1723
What are the prime factors of (-418)/(-19) + 32782 + -6?
2, 23, 31
Suppose 0 = 4*b - 14*b + 10. Let c(u) be the third derivative of 19*u**6/60 + u**4/24 - u**3/3 - 2*u**2. List the prime factors of c(b).
37
Suppose -5*r + 46368 = 2*y, -4*r + 15214 = -3*y - 21908. What are the prime factors of r?
2, 3, 773
Let h = 48439 + -14302. List the prime factors of h.
3, 3793
Let f(r) = -56*r**2 - 9*r - 13. Let k be f(-4). List the prime factors of -11 + k/(-81) - (-5312)/9.
2, 5, 59
Let r(s) = 118*s + 9695. What are the prime factors of r(119)?
7, 3391
Suppose 1 = h - 0*h, 497 = 3*c + 2*h. What are the prime factors of (-3)/3*2 + (c - 10)?
3, 17
Suppose q - 3*i = 1863, 25*q - i = 21*q + 7430. List the prime factors of q.
3, 619
Let c(t) = -188*t + 548. List the prime factors of c(-47).
2, 3, 17, 23
Suppose 0 = 2*w - n - 5, 5*w = -4*n + 12 + 20. Suppose -w*q - 16 = 0, -3*q - 1624 = -4*k + q. What are the prime factors of k?
2, 3, 67
Let j(a) = 1 - 10 + 2*a + 0*a. Let z be j(5). Let n(c) = 67*c + 4. List the prime factors of n(z).
71
Let s(m) = 549*m**2 + 2*m - 58. List the prime factors of s(-6).
2, 43, 229
Let k = 41 + -38. Suppose -t + 12 = -k*m + 5*m, 5*t + 52 = 4*m. Suppose -456 = 2*l - m*l. List the prime factors of l.
2, 19
Suppose 0 = 2*u - 2*f - 3*f + 7, -u = -5*f + 11. Suppose 2*p - 12 = u*i, 0 = -4*p - p - 3*i + 30. What are the prime factors of 1*(0 - 97)/((-6)/p)?
97
Let k = -71 + 182. Let q = 87 + k. What are the prime factors of q?
2, 3, 11
Let u = 26 + -14. Let j(f) = -f**2 + 13*f - 9. Let c be j(u). Suppose -66 = -c*d + 267. What are the prime factors of d?
3, 37
Let h(o) = -19*o - 8. Let z be h(-2). Let x(f) = 9*f + 38. What are the prime factors of x(z)?
2, 7, 11
Suppose 3*r + 2*j - 4456 = 0, -2*r + 4*j = -2282 - 662. What are the prime factors of r?
2, 3, 13, 19
Suppose -3*f + 12840 = 3*a, -5*f + 10*f = 7*a + 21352. List the prime factors of f.
2, 1069
Let o = -24655 - -38139. List the prime factors of o.
2, 3371
Let y = -3707 + 4498. List the prime factors of y.
7, 113
Let b(m) be the second derivative of -m**3 - m**2 + 2*m - 15. What are the prime factors of b(-10)?
2, 29
Suppose -20*c + 150455 + 206751 = -27794. What are the prime factors of c?
2, 5, 7, 11
Let q be (-3)/(-2) + (-4 - (-55)/10)/(-3). Let d(j) = -297*j + 4. Let l(m) = -445*m + 6. Let k(z) = 7*d(z) - 5*l(z). What are the prime factors of k(q)?
2, 3
Let d = 0 + 32. Suppose g = 3*o + 1, 5*g = g - 2*o + d. Suppose -27 = -2*q - 3*h, 3*q - g*h = -3*h + 66. What are the prime factors of q?
2, 3
Let u(m) = m**3 + 17*m**2 + 2*m - 7. What are the prime factors of u(-7)?
7, 67
Let i = 103 + -99. Suppose 3*z - i*d - 10 = -2*d, -3*d - 15 = -z. Suppose 27*q - 22*q - 340 = z. List the prime factors of q.
2, 17
List the prime factors of -6 + 0 - -5118 - 13.
5099
Let x(a) = 4*a**2 - 5*a + 6. Let p be x(6). Let d = -110 - -102. Let o = p + d. List the prime factors of o.
2, 7
List the prime factors of (8063/(-22))/(-7 - (23100/472)/(-7)).
59, 733
Suppose 3*q - 7 + 1 = 0. Suppose -4*z + 2*u + q*u = 24, 2*z - u + 10 = 0. List the prime factors of (z - 13)/(-1 + 0/2).
17
Let r = -122 + 124. Let p be ((17 + 1)/3 - r) + -2. Suppose -3*a + 132 = -p*a. What are the prime factors of a?
2, 3, 11
Suppose -3*j - 1920 = -15*j. What are the prime factors of ((-440)/j)/((-2)/8)?
11
Let y = 9169 - 8901. List the prime factors of y.
2, 67
Suppose -6*h = -67289 - 34609. List the prime factors of h.
3, 17, 37
Let d = 602 + -126. Suppose a = 2*k + d, 18*k - 15*k + 3 = 0. List the prime factors of a.
2, 3, 79
Let u(x) = -3*x**3 - 5*x + 9. Let d be u(6). Let p = d - -1623. List the prime factors of p.
2, 3, 53
Let x = 73398 - 45563. List the prime factors of x.
5, 19, 293
Suppose -j = 4*i - 52257, 29211 = 3*i + 2*j - 9983. List the prime factors of i.
2, 23, 71
Let i(p) = 17 + 90*p - 68*p + 6*p**2 - 2*p**2 + 4. List the prime factors of i(-8).
101
Let i(h) = -h**3 + 37*h**2 + 50*h + 227. List the prime factors of i(27).
8867
Suppose -201*u = -23*u - 2624237 - 4191205. List the prime factors of u.
3, 12763
Let k = 15700 - 12360. What are the prime factors of k?
2, 5, 167
What are the prime factors of ((299 - 256) + -2*(-2)/(-16))*252?
3, 7, 19
Suppose 2*f + 4 + 0 = 0, 1079 = -c - 2*f. Let k = -17 - c. List the prime factors of k.
2, 23
List the prime factors of 76935/2 - (-279)/186.
3, 12823
Let s = 22518 - -13704. List the prime factors of s.
2, 3, 6037
Suppose -913332 = -73*n + 303505. List the prime factors of n.
79, 211
Suppose 5*b + 6 = 5*w - 29, 0 = -3*b + 4*w - 22. What are the prime factors of 355/(-15)*(-19 + b/3)?
7, 71
Let a = 1181 + -1996. Let h = a + 1384. What are the prime factors of h?
569
Suppose 0 = -4*m - 4*z + 3339 + 4789, -3 = 3*z. What are the prime factors of m?
19, 107
Suppose -3*b = -4*b + 62. Suppose h = -192 + b. Let r = -53 - h. List the prime factors of r.
7, 11
Suppose -13*n - 19*n = -6*n - 69082. What are the prime factors of n?
2657
Let r = 48 + -125. Let m(w) = -3*w**2 - 4. Let o be m(2). Let y = o - r. What are the prime factors of y?
61
Let h = 27199 + -43763. What are the prime factors of (-26)/299 + h/(-46)?
2, 3, 5
Let t = -2104 + 139. What are the prime factors of t/6*5/50*-8?
2, 131
Let w(n) = 19*n**2 - 4*n - 1. Let s be w(-3). Let g = s + -145. List the prime factors of g.
37
Let b = 143 + -143. Suppose 0 = -5*u - 3*k + 1963, b = -k + 2 - 6. List the prime factors of u.
5, 79
Let g(c) = 12*c + 7. Let v be g(-3). Let b = -23 - v. What are the prime factors of (-1)/3*(-1098)/b?
61
Suppose 7499 = 5*w - w + 5*n, -2*w = -4*n - 3782. Suppose -5*x + 744 = -w. List the prime factors of x.
3, 5, 7
Let u = 7368 - 2765. List the prime factors of u.
4603
Suppose y = 4*u + 12, 3*y - 5*u + 4 = 19. Suppose 6*q + 4*a - 2418 = 3*q, -a = y. What are the prime factors of q?
2, 13, 31
Suppose 5*c = c + 32. Suppose 3*n - n = -4*f - 8, 4*n - 4*f = c. Suppose 3*j - 4*j + 46 = n. List the prime factors of j.
2, 23
Suppose 4*u = 406 - 390. Suppose u*f + 3*y = 4664, 7*f + 4*y = 4*f + 3505. List the prime factors of f.
1163
Suppose -29*s - 41511 + 26119 + 135539 = 0. What are the prime factors of s?
3, 1381
Let b be 1 + -2 - (-3937 + 18). What are the prime factors of (b/4)/((-12 - -3)/(-18))?
3, 653
Let c = 373 - -101. Suppose c - 1890 = -12*j. What are the prime factors of j?
2, 59
Let p be 5/(-1)*(1 + -3). Suppose -p*n = -597 - 4783. What are the prime factors of n?
2, 269
Let f = 6059 - 1689. What are the prime factors of f?
2, 5, 19, 23
Let o be (2 - 2) + -2 - 102. Let j be 1719/(-216) + (-2)/48. List the prime factors of (-68)/j*o/(-4).
13, 17
Suppose 23